+ 8. Let c be g(6). What is the units digit of (-8)/10*c/(-8)?
4
Let y(j) = j**2 + j + 2. Let u be 2/(-6) + (-13)/(-3). Suppose -2*k - 20 = -5*x, u = 3*k + x - 0*x. What is the units digit of y(k)?
2
Let k(v) = -53*v + 10. What is the tens digit of k(-2)?
1
Let n(f) = -3*f + 0*f + 5*f - 2. What is the units digit of n(5)?
8
Let k(z) = z**3 - 5*z**2 - 2*z - 2. Suppose 0 = 4*f - f - 18. What is the tens digit of k(f)?
2
Let q(a) be the first derivative of -1/3*a**3 + 4*a + 2 + 3*a**2. What is the units digit of q(6)?
4
Let f(q) = -4*q - 1. Let m be f(2). Let n be (-2)/(-3*4/(-78)). Let k = m - n. What is the units digit of k?
4
Let w = 7 - 4. Suppose -2*q + 7*l - 3*l = -6, -4*l = -w*q + 11. What is the units digit of q?
5
Let u = 1 - -2. Suppose t + u*t + 11 = -m, -t - 41 = -4*m. What is the units digit of -2 + (0 - 2) + m?
5
Let r be 3/2 - 215/10. Let a = r - -14. Let t = a + 16. What is the tens digit of t?
1
What is the units digit of (1422/(-15))/((-9)/30*1)?
6
What is the tens digit of -4*(-2 + 308/8)/(-2)?
7
Let a = -12 - -12. Suppose a = v - 10. What is the tens digit of v?
1
Suppose 0*q + q - 36 = 0. Suppose k + q = 3*k. What is the units digit of k?
8
Suppose 0 = -q + 3*q + 12. Let s = 20 + q. What is the tens digit of s?
1
Let d(h) be the third derivative of -7*h**4/12 - 5*h**3/6 - h**2. Let a(b) = -5*b - 2. Let y(f) = -8*a(f) + 3*d(f). What is the units digit of y(-1)?
3
Let t be (-5 - -1)*(-58)/4. What is the units digit of 4/(t/18 + -3)?
8
Let g(l) = l - 2. Let y be g(4). What is the units digit of (y - 3)*(-3 - -1)?
2
Let x = -243 + 555. What is the tens digit of x?
1
Let m = -5 - -5. Let i be ((-4)/(-3))/((-2)/(-6)). What is the units digit of 2*i + (-2 - m)?
6
Let m(b) be the first derivative of 7/2*b**2 + 5/3*b**3 - 1/4*b**4 - 3*b - 2. What is the units digit of m(6)?
3
Suppose -9*c = -12*c + 924. What is the hundreds digit of c?
3
Let d = 1 - -26. What is the units digit of d?
7
Let s(n) = 2*n**3 - 8*n**2 + 2*n. What is the units digit of s(4)?
8
Let m(t) = -t + 2. Let c be m(-3). Suppose 0 = u + 4*u + c, -d + 4*u = -8. What is the units digit of (3 + -1)*18/d?
9
Let r(y) = -y**3 + 12*y**2 - 6*y - 6. Let w be r(12). Let x be 15/20 - w/(-8). Let t = x - -24. What is the units digit of t?
5
Suppose -5*b = 3*n + 44, b + 64 = -n - 2*n. Let l = 44 + n. What is the units digit of l?
1
Let a = 27 + 43. What is the tens digit of a?
7
Let c be ((0 + 0)*-1)/(-2). Suppose -v = -c*v. Suppose v*m + 4*m = 16. What is the units digit of m?
4
Suppose 0 = 4*v + 53 - 185. What is the units digit of v?
3
Suppose m + 6 = 4*m. Let n(p) = p**2 - p. Let i be n(m). Suppose 0*v - 14 = -i*v - h, -2*v = 2*h - 14. What is the units digit of v?
7
Suppose -2*b - 2*b = -112. Let z = -38 - -27. Let t = b + z. What is the units digit of t?
7
Suppose 33 = y - 4*u, 2*y - 32 = y + 3*u. Let b be 2/(-3) + (-92)/6. Let g = b + y. What is the tens digit of g?
1
Let t(v) = v - 3. Let s be t(6). Suppose 20 = s*l + l. Suppose 3*p + l = 4*p. What is the units digit of p?
5
Let p(a) = 2 - 1 + a - a + 8*a. What is the units digit of p(5)?
1
Let c be (3/(-9))/(3/(-27)). Suppose c*h + 3 = -4*n - 0, 12 = 3*h - n. What is the units digit of h?
3
Let x(u) = 21*u + 1. Let b be x(1). Suppose -n = n - b. What is the tens digit of n?
1
Suppose 10*t + 416 = 14*t. What is the hundreds digit of t?
1
Let c be 66/(-9) + 2/(-3). Let j = c - -23. Let t = j + -11. What is the units digit of t?
4
Let f(h) = -h**3 - h + 234. What is the tens digit of f(0)?
3
Suppose j - 4 = 1. Let w = 2 - j. Let h = w + 10. What is the units digit of h?
7
Let i(y) = y**3 - 2*y**2 - 5*y - 1. Let r(v) = 2*v - 4. Let o be 1/(-1 - 5/(-4)). Let w be r(o). What is the units digit of i(w)?
1
Suppose -d + 9 = -6. Let s(j) = -3 - d - 2*j + 2. What is the units digit of s(-13)?
0
Let l = -26 + 47. Suppose l = 4*w - 4*u - 35, 5*u - 56 = -2*w. What is the units digit of 22/18 - 4/w?
1
Let y(q) = 7*q**2 - 8*q + 9. Let v(w) = -15*w**2 + 17*w - 19. Let o(j) = 6*v(j) + 13*y(j). Let k be o(4). Let a = k + -9. What is the units digit of a?
2
Let j(l) = 13*l + 10. Let k be j(-7). Let q = k - -122. What is the tens digit of q?
4
What is the units digit of (-5 + -56)*(1 + -3)?
2
What is the tens digit of 4/(-4) + (48 - 2)?
4
Suppose 5*n + 5*s - 3*s = 42, -3*s - 21 = -3*n. Let f be 4/16 + 3/4. What is the units digit of (-1 - 0) + n + f?
8
Suppose 4*j - j = 9. Suppose 0 = 2*x - 2 - 2, -3*t - 5*x = -25. Suppose t*f = j*f + 16. What is the units digit of f?
8
Suppose 0 = 4*v - 9*v - 25. Let k(d) = -5*d**2 - d + 1. Let x(y) = y**2 + y + 1. Let r(j) = k(j) + 6*x(j). What is the units digit of r(v)?
7
Let o = -93 + 165. What is the units digit of o?
2
Let f be (0 - -4)*15/(-10). What is the tens digit of ((-38)/f)/(9/27)?
1
Suppose -45 = -4*h - h. Suppose 0 = -x + 4*l - h*l + 18, -5*x = 5*l - 50. What is the units digit of x?
8
What is the units digit of 2/6*(-2 + 5)?
1
Suppose 3*n - 3*d = 255, -2*n + 3*d + 174 = -d. What is the tens digit of n?
8
Let o(w) = -w**2 + 3*w + 3. Let y be o(4). Let t = 6 + y. Suppose 0 = 3*s + 3*x - 45 + 9, t*x = 15. What is the units digit of s?
9
Suppose -17*s = -19*s + 68. What is the tens digit of s?
3
Suppose 6 - 36 = 5*u. Let t(h) = -4*h**2 + 6*h - h**3 + 2 - h**2 + 0*h**3. What is the units digit of t(u)?
2
Let r(i) = -3*i**2 - i. Let t(b) = b**2 + b + 1. Let h(v) = r(v) + 4*t(v). What is the tens digit of h(-7)?
3
Suppose b + 3*d + 41 = 3*b, 3*d = 3*b - 60. What is the tens digit of b?
1
Suppose 448 = -14*y + 16*y + 4*h, -4*h = 3*y - 662. What is the hundreds digit of y?
2
Let r(t) = t**3 + 3*t**2 + 2*t + 1. Let g = -12 + 8. Let d be -3 - (-2)/g*-4. What is the units digit of r(d)?
1
Let p = -4 - -6. Suppose d - 2*o - 49 = -p*d, -64 = -3*d + 5*o. What is the units digit of d?
3
Let c(w) = -w**2 + 5*w + 2. Suppose 0 = -j - 4*j. Suppose 9 = 3*t - j*t. What is the units digit of c(t)?
8
Suppose 5*v - h = 0, -3*v - h + 5*h = 17. Suppose 5*b + 25 = -3*q, 0 = q + b - 0*b + 11. Let k = v - q. What is the tens digit of k?
1
Suppose -7*j + 89 = -317. What is the units digit of j?
8
Let r = -14 - -17. Suppose r*z - z = -3*f + 63, -3*f + 3*z = -63. What is the tens digit of f?
2
Suppose -3*m + 38 = -5*f, -f + 3 = m + 1. Let i be m/(-5)*(-195)/6. Let z = i - 23. What is the units digit of z?
6
Suppose 4*b + 24 = 5*y, y + y - 4*b = 0. Suppose 3 = o - y. What is the units digit of o?
1
What is the units digit of 3*(-1 - 4/(-3))?
1
Let w = 35 - -10. What is the tens digit of (4/6)/(2/w)?
1
Let b = -27 + 52. What is the units digit of b?
5
Suppose -2*i = -1 - 67. What is the units digit of i?
4
Suppose -d - 10 = -3*i, 3*d + 3 = i + 5. What is the units digit of (-39)/(-2) - d/4?
9
Let p(r) be the second derivative of 1/3*r**3 - 2*r + 0 - 3*r**2. What is the units digit of p(6)?
6
Suppose 0 = -4*f + 1 + 3. Let v = 5 + f. Suppose 2*u = h - v, 48 = 5*h + u + 18. What is the units digit of h?
6
Let t = -6 - -33. Let u be (-1 - 0)/((-3)/t). Let z = u - 4. What is the units digit of z?
5
What is the tens digit of (-2 + -2 - -2)*-37?
7
Let h be (2/(-4))/(1/(-6)). Let x be (-1 - h/2)*-2. Let y = -2 + x. What is the units digit of y?
3
Let m be (-111)/(-6) + (-1)/(-2). Suppose -2 = 2*n, -3*n - m = 3*c + c. What is the units digit of ((-3)/(-6))/((-1)/c)?
2
What is the tens digit of 14 - (-12)/18*-6?
1
Suppose -7*s + 40 = -3*s. Let z = -6 + s. Let h = z - 2. What is the units digit of h?
2
Suppose 0 = 4*p - 0*p - 12. Suppose 0 = -p*f + 6*f - 81. What is the units digit of f?
7
Suppose -h = -0 - 27. Suppose 5*j - h = -7. What is the units digit of j?
4
Suppose 3*p + g - 258 = -4*g, p + g - 84 = 0. Suppose 3*k + p = 4*q, 3*q - 36 - 6 = -4*k. What is the tens digit of (30/q)/((-2)/(-18))?
1
Let r(m) = 7*m**2 + m. Let k = -6 + 5. What is the units digit of r(k)?
6
Suppose -338 = -8*y + 526. What is the units digit of y?
8
Let m(t) = 14*t + 15. What is the tens digit of m(5)?
8
Let a(d) = d**2 - 2*d - 1. Let m be -2 + 1 + 1 + -1. What is the units digit of a(m)?
2
Let f = 125 + -77. What is the tens digit of f?
4
Suppose 2*p - 5*k - 165 = 0, -5*p + 429 = 3*k + k. What is the tens digit of p?
8
Let t(m) = 5*m**2 - 6. What is the units digit of t(-4)?
4
Let n be 2/(-13) + 168/78. Suppose 2*g + 0 = -12. What is the units digit